{"id":19,"date":"2021-04-28T19:28:13","date_gmt":"2021-04-28T17:28:13","guid":{"rendered":"http:\/\/www.pper-bf.com\/?page_id=19"},"modified":"2021-06-12T11:55:48","modified_gmt":"2021-06-12T09:55:48","slug":"produits","status":"publish","type":"page","link":"https:\/\/pper-bf.com\/?page_id=19","title":{"rendered":"Produits"},"content":{"rendered":"<section id=\"section-2-19\" class=\" ct-section\" style=\"background-image:url(http:\/\/www.pper-bf.com\/wp-content\/uploads\/2021\/06\/Produits_solaires.jpg);background-size: cover;\" ><div class=\"ct-section-inner-wrap\"><h1 id=\"headline-20-19\" class=\"ct-headline\">NOS PRODUITS<\/h1><\/div><\/section><section id=\"section-3-19\" class=\" ct-section\" ><div class=\"ct-section-inner-wrap\"><div id=\"new_columns-6-19\" class=\"ct-new-columns atomic-content-26-columns\" ><div id=\"div_block-7-19\" class=\"ct-div-block\" ><img decoding=\"async\"  id=\"image-26-19\" alt=\"\" src=\"http:\/\/www.pper-bf.com\/wp-content\/uploads\/2021\/05\/Onduleur_hybrid.jpg\" class=\"ct-image\"\/><img decoding=\"async\"  id=\"image-27-19\" alt=\"\" src=\"http:\/\/www.pper-bf.com\/wp-content\/uploads\/2021\/05\/Felicity_Solar_Batterie.jpg\" class=\"ct-image\"\/><img decoding=\"async\"  id=\"image-28-19\" alt=\"\" src=\"http:\/\/www.pper-bf.com\/wp-content\/uploads\/2021\/05\/Chauffe_Eau_Nelson_Solar.png\" class=\"ct-image\"\/><img decoding=\"async\"  id=\"image-29-19\" alt=\"\" src=\"http:\/\/www.pper-bf.com\/wp-content\/uploads\/2021\/05\/Pompe_Nelson_Solar.png\" class=\"ct-image\"\/><\/div><div id=\"div_block-9-19\" class=\"ct-div-block \" ><h4 id=\"headline-10-19\" class=\"ct-headline atomic-content-26-title\">NOS PRODUITS SOLAIRES<\/h4><div id=\"text_block-11-19\" class=\"ct-text-block atomic-content-26-text\" >Avec la collaboration des partenaires locaux et internationaux, PPER met \u00e0 votre disposition une grande vari\u00e9t\u00e9 de produits de qualit\u00e9 tels que :<br><br>- Des panneaux solaires de puissance allant jusqu\u2019\u00e0 325W<br>- Kits complets injection r\u00e9seau.<br>- Des stations solaires de sites isol\u00e9s<br>- Des stations de r\u00e9glage solaire<br>- Des batteries stationnaires OPZV \u00e9tanches sans entretien allant jusqu\u2019\u00e0 2500AH<br>- Des batteries stationnaires \u00e0 \u00e9lectrolyte<br>- Des r\u00e9gulateurs allant jusqu\u2019\u00e0 1 50AH<br>- Des convertisseurs\/ onduleurs hybrides MPPT<br>- Des convertisseurs chargeurs de VICTRON ENERGY<br>- Des tableaux de r\u00e9gulation.<br>- Des lampadaires solaires et ventilateurs solaires<br>- Des lampes fluorescentes basse consommation<br>- Lampes solaires BULB026 ampoules de 7W \u00e0 1 5w<br>- Lampes solaires tubes 1 2W \u00e0 1 8W \u2013 1 2-24V<br>- Pompes solaires 1 2-24V<br>- Pompes solaires de 30\/300VDC ou 220V\/ 380V (GrundFos, SQFLEX)<br>- Diff\u00e9rents types de pompes manuelles et \u00e9lectriques (pompes VOLONTA)<br>- Des cong\u00e9lateurs solaires<br>- Des supports de fixation sur toit plat et inclin\u00e9<br>- Des supports mobiles<br>- Des chauffes \u2013 eau solaire<br>- C\u00e2bles et fils \u00e9lectriques<br>- Lampes \u00e9lectriques<br>- Des groupes \u00e9lectrog\u00e8nes- Accessoires et divers.<br><br>La liste n\u2019est pas exhaustive.<br>PPER donne une garantie de douze (12) mois sur l\u2019ensemble de ses installations, six (6) mois sur les confections m\u00e9talliques et dans le souci d\u2019assurer la p\u00e9rennit\u00e9 de ces services au-del\u00e0 de la p\u00e9riode de garantie, elle assure la formation des utilisateurs sur l\u2019entretien routinier.<br>Nous restons disponibles pour vous rencontrer et \u00e9tudier les possibilit\u00e9s de partenariats \u00e9ventuels au vu de la forte synergie entre nos activit\u00e9s respectives.<\/div><img decoding=\"async\"  id=\"image-30-19\" alt=\"\" src=\"http:\/\/www.pper-bf.com\/wp-content\/uploads\/2021\/05\/Panneau_Nelson_Solar.png\" class=\"ct-image\"\/><\/div><\/div><div id=\"new_columns-39-19\" class=\"ct-new-columns\" ><div id=\"div_block-40-19\" class=\"ct-div-block\" ><img decoding=\"async\"  id=\"image-50-19\" alt=\"\" src=\"http:\/\/www.pper-bf.com\/wp-content\/uploads\/2021\/06\/Appareil-hydraulique.jpg\" class=\"ct-image\"\/><\/div><div id=\"div_block-41-19\" class=\"ct-div-block\" ><img decoding=\"async\"  id=\"image-49-19\" alt=\"\" src=\"http:\/\/www.pper-bf.com\/wp-content\/uploads\/2021\/06\/Appareil_Hydraulique_3.jpg\" class=\"ct-image\"\/><\/div><div id=\"div_block-42-19\" class=\"ct-div-block\" ><img decoding=\"async\"  id=\"image-44-19\" alt=\"\" src=\"http:\/\/www.pper-bf.com\/wp-content\/uploads\/2021\/06\/Nelson_Solar-3.jpg\" class=\"ct-image\"\/><\/div><div id=\"div_block-43-19\" class=\"ct-div-block\" ><img decoding=\"async\"  id=\"image-51-19\" alt=\"\" src=\"http:\/\/www.pper-bf.com\/wp-content\/uploads\/2021\/06\/Nelson_Solar-2.jpg\" class=\"ct-image\"\/><\/div><\/div><\/div><\/section><section id=\"section-31-19\" class=\" ct-section\" ><div class=\"ct-section-inner-wrap\"><h1 id=\"headline-38-19\" class=\"ct-headline\">Caract\u00e9ristiques de nos panneaux et batteries solaires<br><\/h1><img decoding=\"async\"  id=\"image-37-19\" alt=\"\" src=\"http:\/\/www.pper-bf.com\/wp-content\/uploads\/2021\/06\/Caracteristiques-2.png\" class=\"ct-image\"\/><\/div><\/section>","protected":false},"excerpt":{"rendered":"","protected":false},"author":1,"featured_media":0,"parent":0,"menu_order":0,"comment_status":"closed","ping_status":"closed","template":"","meta":{"footnotes":""},"class_list":["post-19","page","type-page","status-publish","hentry"],"_hostinger_reach_plugin_has_subscription_block":false,"_hostinger_reach_plugin_is_elementor":false,"_links":{"self":[{"href":"https:\/\/pper-bf.com\/index.php?rest_route=\/wp\/v2\/pages\/19","targetHints":{"allow":["GET"]}}],"collection":[{"href":"https:\/\/pper-bf.com\/index.php?rest_route=\/wp\/v2\/pages"}],"about":[{"href":"https:\/\/pper-bf.com\/index.php?rest_route=\/wp\/v2\/types\/page"}],"author":[{"embeddable":true,"href":"https:\/\/pper-bf.com\/index.php?rest_route=\/wp\/v2\/users\/1"}],"replies":[{"embeddable":true,"href":"https:\/\/pper-bf.com\/index.php?rest_route=%2Fwp%2Fv2%2Fcomments&post=19"}],"version-history":[{"count":6,"href":"https:\/\/pper-bf.com\/index.php?rest_route=\/wp\/v2\/pages\/19\/revisions"}],"predecessor-version":[{"id":160,"href":"https:\/\/pper-bf.com\/index.php?rest_route=\/wp\/v2\/pages\/19\/revisions\/160"}],"wp:attachment":[{"href":"https:\/\/pper-bf.com\/index.php?rest_route=%2Fwp%2Fv2%2Fmedia&parent=19"}],"curies":[{"name":"wp","href":"https:\/\/api.w.org\/{rel}","templated":true}]}}